et x(i) = 39*i**2 - 19*i + 61. Let j be x(-16). Suppose 2*a = 5*r - 12945, 0*a = -4*r + 3*a + j. Is r a composite number?
False
Let h = 58 + -54. Suppose -g + h*n = -1737, 8*n + 20 = 12*n. Is g a composite number?
True
Let v(s) = -5*s**3 - s**2 + 10*s + 11. Let m be v(-1). Suppose -4*c + 39906 = m*t, 4*t + 9 = 1. Is c prime?
False
Let q(u) = 6*u - 2406 - 69*u + 2485. Is q(-8) a composite number?
True
Let z(m) = m**3 - 8*m**2 + 6*m + 1. Let b be z(7). Let p(n) = -33*n**3 - 5*n**2 - 8*n - 17. Is p(b) composite?
True
Let k = -4 - 11. Let f = -14 - k. Is f + 0 - (-1900)/((-2)/(-2)) prime?
True
Let o = 321 - 317. Is (26493/o - 1)/((-7)/(-28)) a composite number?
False
Let f(k) = 3174*k**2 - 35*k - 935. Is f(-12) a composite number?
True
Suppose -52721 = 2*b + 4*u - 232235, 0 = -b + 3*u + 89747. Is b a composite number?
False
Let r(a) be the first derivative of a**4 - 14*a**3/3 - 6*a**2 - a + 74. Is r(8) a prime number?
False
Is (70/(-175))/(4/(-5))*169790 prime?
False
Let i(s) = -s**2 - 2*s - 16. Let t be i(-4). Let m be -4 + (-17898)/t - (-1)/4. Let o = -435 + m. Is o prime?
True
Let q(x) = -x**3 + 17*x**2 + 11*x - 2. Let u be q(17). Suppose -4*l - 165 = -r, 0 = -2*r - 4*l + 205 + u. Suppose -a + 230 + r = 0. Is a a composite number?
True
Suppose a - 4*s - 16727 - 13082 = 0, -3*a = -2*s - 89377. Is a a composite number?
False
Suppose 83*c - 936548 = 39*c - 32*c. Is c a prime number?
True
Suppose -6*f - f = -14. Let s = 4 - f. Suppose s*t - 39 = -4*g + 35, -185 = -5*t + 2*g. Is t a prime number?
True
Let k = 14602 + -12663. Let u(d) = -d**3 - 5*d**2 - d + 1. Let b be u(-5). Suppose 0 = -b*s - s + k. Is s composite?
False
Suppose -5*y = 2*w - 4*w + 4, -w = -5*y - 2. Suppose 2*k - 2079 - 2911 = y. Suppose 17*t = 12*t + k. Is t composite?
False
Let o(q) = -34*q**3 + 11*q + 4. Let v be o(-3). Let r = v - -942. Is r a prime number?
True
Let m(h) = 4972*h + 897. Is m(41) a composite number?
False
Is -5*(-282179276)/426*(-3)/(-10) a composite number?
False
Let n(c) = -2 - 84*c**2 + 94*c**2 - 3 - 6*c + 368*c**2. Let h = 1 + -2. Is n(h) composite?
False
Let b = 163 + -181. Is 3*8566*(-1)/(b/3) a composite number?
False
Let f(m) = -10*m - 18. Let n be f(-2). Is (-2)/((-2)/(-4645))*n/(-5) a composite number?
True
Let s = 24 + -45. Let h = -19 - s. Is (4/h)/(-2)*(-744 + -7) prime?
True
Let c = 4843 - 494. Suppose -1273 = -v - a, 0 = 5*v + a - 2032 - c. Is v a composite number?
False
Let k be 22*((-7)/(-2) - 4). Let c be (160/(-6))/(k/33). Let n = 38 + c. Is n a prime number?
False
Let v(l) = l**3 - 12*l**2 + 37*l - 7. Let x be v(5). Suppose -x*t = -52061 - 8890. Is t prime?
False
Suppose 125*t + 586897 - 2700240 - 170282 = 0. Is t a composite number?
False
Suppose -22*o - 1989914 = -49*o + 886369. Is o prime?
False
Let q be (-20)/(-6)*109620/(-20). Let s = q - -28619. Is s prime?
False
Let l be (8/(-14) + 667/322)*-12. Is (-44499)/l + (-10)/(-12) a prime number?
True
Let b(a) be the second derivative of 487*a**4/3 + a**3/6 - 20*a. Suppose 5*s - 21 = -j, -s = 3*j + s - 11. Is b(j) prime?
True
Let i(b) = 363*b**3 - 1. Let o be i(1). Suppose 0 = -2*f - 3*v + 144 + o, -4*f - 2*v = -1028. Let m = f + -176. Is m a prime number?
True
Let l(t) = 28*t**2 - 49 - 27*t**2 - 2*t + t + 6*t. Is l(22) a prime number?
False
Suppose 0 = n - x - 1468725, -27*x + 31*x - 7343643 = -5*n. Is n prime?
False
Suppose 17438*t - 17426*t - 10981236 = 0. Is t a prime number?
False
Let n = 345666 + -102803. Is n a prime number?
True
Suppose 59 = 10*w + 39. Suppose 104609 = 5*u + w*r, 2 - 10 = -4*r. Is u a prime number?
True
Suppose -208*d + 35181915 = 2410646 - 64225163. Is d composite?
True
Suppose -21*d - 6*d = -6*d - 3378081. Is d a composite number?
False
Let k be (0 - 3)*(-1 + (-1)/3). Suppose 2*u - 28*m + 23*m = 27134, -m + k = 0. Is u prime?
True
Let l = -655 + 12413. Is l composite?
True
Suppose 3*k - 3*p = 909396, 432*k - 433*k = 3*p - 303152. Is k composite?
True
Let i(n) = -23 + 12 - 55 + 310*n - 5. Is i(18) composite?
True
Let c(p) = 12*p**2 - 11*p - 49. Let l be c(-9). Let i = 2095 - l. Is i prime?
False
Let n = 31 + -75. Let a be n/11*((-3)/(-2))/(-3). Suppose -1722 - 244 = -a*k. Is k a prime number?
True
Let v be 2475/(1 + -6) - 3. Let i = 2701 + v. Is i composite?
False
Let v(r) = 1255*r - 83. Is v(27) prime?
False
Let x(q) = 85*q**2 + 23*q - 989. Is x(-23) a composite number?
True
Let y(g) = 138*g**2 + 6*g + 4. Let n be y(2). Let a = n - 33. Is a composite?
True
Is (-4)/(-6) - 1/(6867156/(-981021) - -7) prime?
False
Let s(b) = -2*b**3 - 42*b**2 + 160*b + 529. Is s(-67) a prime number?
True
Is ((0 - -2) + 0)*(-20 + (-1107660)/(-40)) a composite number?
False
Let x(w) = -284*w + 251. Let h be 5 - -1 - -4*(-22)/8. Is x(h) prime?
False
Let p(w) = -4*w**3 - 35*w**2 + 55*w + 433. Is p(-60) prime?
False
Let m(u) = -2877*u - 175. Suppose 2*s = 5*i + 7, 0 = -3*s - 4*i + 9*i + 3. Is m(s) prime?
False
Suppose 0 = -2*m, -2*h = 2*h - 5*m + 12. Let d be 1477 + (-4 + 1 - h). Let u = -556 + d. Is u a composite number?
True
Let p = 1176212 - 694425. Is p composite?
False
Let p be ((-3999)/(-12) - 1) + 1/(-4). Suppose g - 71 = -4*l, 5*g + l - p = 4*l. Let f = -30 + g. Is f a prime number?
True
Let t(y) = -403*y**3 - 4*y - 17. Let s be t(-2). Let i = -895 - -2959. Let z = s - i. Is z prime?
True
Let j = -35273 + 83212. Is j composite?
False
Suppose 14*a - 1540093 = 682565 - 150952. Is a prime?
False
Let g(m) = m**3 + 9*m**2 - 12*m - 7. Let h be g(-10). Let y = 17 - h. Is y - (1482/2)/(-3) composite?
False
Suppose 0 = -m - 2*u + 121215, -3*m + u + u = -363701. Is m composite?
False
Suppose 0 = -6*z + 18343 + 5705. Let b = z - 1015. Is b composite?
True
Let y(h) = 1735*h**3 - 6*h**2 + 4*h + 6. Is y(5) prime?
True
Suppose 5*t = -3*b + 29, -b + 4*t + 0*t - 13 = 0. Let y be 62/4*(-180)/b. Is 1/((-3)/y) - (-2 - -5) a prime number?
True
Let x(y) = -109*y**3 - 10*y**2 - 9*y + 5. Let m be x(-6). Suppose -58160 = 5*j - 2*q, -6*j + m = -8*j + 5*q. Is j/(-8) + (-18)/72 prime?
False
Let f(n) = n - 1 - 2*n - n**2 + 0*n**2 + 0*n**2. Let g(b) = -20*b**2 - 13*b + 10. Let o(q) = 5*f(q) - g(q). Is o(8) a composite number?
False
Let b(q) = 2*q**2 - 17*q + 6. Let n be b(8). Is (-1653)/n*34/51 composite?
True
Let f = 87804 - 60531. Is f composite?
True
Let i(m) = -m**3 - 2*m**2 + 5*m - 25. Let n = 85 - 94. Is i(n) a composite number?
True
Let c(r) = -6*r + 93. Let z be c(15). Suppose -z*d + 15078 - 4002 = l, 3*l - 11082 = -3*d. Is d composite?
False
Is 2*(-9)/24 + ((-27068682)/(-8))/3 prime?
False
Let y = -271105 - -626016. Is y prime?
True
Let m(p) = -p**2 + p + 2. Let i be m(0). Let j be 54/8 - (-24)/(-32). Suppose -j*a + 3928 = i*a. Is a a composite number?
False
Suppose -9*x + 21*x - 1019802 = -30*x. Is x composite?
False
Suppose 0 = 4*d - 28, p - 6*p + 2*d = -192301. Is p composite?
True
Let m be ((-654)/4)/(2/(-4)). Let r = -50 + 50. Suppose 7*i - 226 - m = r. Is i prime?
True
Suppose 49*t - 22*t - 1407645 = 0. Is t a prime number?
False
Let a = 183306 + -58247. Is a a prime number?
False
Let o(s) = -s**3 + 3*s**2 + 13*s - 3. Let f be o(5). Let v(m) = 4*m**3 - 4*m**2 + 2*m + 29. Is v(f) prime?
True
Let t(p) be the third derivative of 35*p**4/8 - 11*p**3/6 - 54*p**2. Is t(12) prime?
True
Let y(l) = l**3 - 6*l**2 + 9*l + 3. Let h be 6/(-4)*((-16)/(-6))/(-1). Suppose 0 = j - h*q - 16, q - 6*q = -2*j + 26. Is y(j) composite?
True
Let z(s) = -11*s**3 - 7*s**2 + 7*s + 1. Let k be z(-6). Suppose -d = 116 - 117, 4*d = 4*w + 5628. Let i = k + w. Is i prime?
True
Suppose 30*x - 40970634 = 5*x + 7978891. Is x a prime number?
True
Suppose 5*z - 471635 = 7*v - 12*v, -v + 94317 = 3*z. Is (0/2 - 1)/((-28)/v) a composite number?
True
Suppose -3*j + 269397 + 302514 = 0. Suppose 0 = -7*h - j + 805405. Suppose -19*z + 3*z + h = 0. Is z prime?
False
Suppose 0 = -4*z + 43 - 3. Suppose z*d = 5*d. Suppose 0*t - t + 295 = d. Is t a prime number?
False
Let c(g) = 11*g**2 - 204*g - 182*g + 7 + 405*g. Is c(14) a prime number?
False
Let x(b) = -4 - 6*b - 5*b + 10*b + 1 + b**2. Let u be x(-2). Suppose -u*k + 2*p = k - 1232, -5*k + p + 1537 = 0. Is k prime?
True
Let n(b) = 6708*b**2 - 144*b - 13. Is n(-11) prime?
False
Suppose -8*f + 30094 = -37306 - 12128. Is f prime?
True
Let z(g) = -2*g + 18. Let c be z(8). Suppose 3 = n + c. Is 